he prime factors of m.
2, 7
Let r(q) = 20*q + 29. Let y(v) = -v - 1. Let d(s) = -r(s) - 6*y(s). List the prime factors of d(-11).
131
Let u(a) = a + 12. Let l be u(-6). List the prime factors of (-8)/l*222/(-8).
37
Suppose 5*a - 2201 = 3*y, -5*a - 4*y + 455 = -1732. List the prime factors of a.
439
Suppose 14 = 4*u - 5*h - 21, 19 = 2*u - 3*h. Suppose 306 = 14*r - u*r. What are the prime factors of r?
2, 17
What are the prime factors of (-90)/(-48) - 1/(-8) - -298?
2, 3, 5
Suppose 3*d + 0*d + 59 = 4*o, 2*d - 12 = -o. Suppose -4*v - 14 = o. List the prime factors of (-30)/v - 12/42.
2
Let m = 30 + -15. Let h be (-266)/3 + 10/m. Let l = h - -123. List the prime factors of l.
5, 7
Let a = 4 + -2. Suppose 3*r - 6*r = -a*t - 29, -4*t - 3*r - 31 = 0. Let m = t + 20. List the prime factors of m.
2, 5
Let u(b) = -b**3 - 10*b**2 + 11*b + 15. Let p be u(-12). Suppose -4*o + 4*t - t + p = 0, -3*o = -t - 127. Let m = -10 + o. What are the prime factors of m?
2
Let q = 117 - 113. Suppose 3*o - q*c - 214 = 312, o - 5*c = 168. What are the prime factors of o?
2, 89
Suppose 5*o - 44 = -3*b, -3*b + 2*o = -o - 12. Let d = -115 + 121. Suppose 166 = d*x - b. What are the prime factors of x?
29
Let w = 219 + 707. List the prime factors of w.
2, 463
Let d(r) = 7*r**2 - 5*r + 17. What are the prime factors of d(7)?
5, 13
List the prime factors of 69*76/4 + -5.
2, 653
Let w(a) = -154*a**2 + 2*a + 2. Let y be w(-1). Let c = -44 - y. List the prime factors of c.
2, 5, 11
Let p be -3*(-20)/(-18)*36/(-24). Suppose -5*m = -5*b - m + 1240, 0 = -2*b + p*m + 479. What are the prime factors of b?
2, 3, 7
List the prime factors of -3*(-1)/9*(9 - -297).
2, 3, 17
Let o(q) = q**3 - 34*q**2 - 35*q + 29. What are the prime factors of o(38)?
5, 179
What are the prime factors of 1494/10 - 28/70?
149
Let l(c) be the third derivative of c**6/120 - c**5/10 + 7*c**4/24 + c**3/6 - 5*c**2. List the prime factors of l(5).
11
Let d be 1/1 - (-314)/2. Suppose -5*o - d = -3*c, -o + 131 = 4*c - 72. Suppose 18 = 2*u + m, -5*u = 2*m - m - c. List the prime factors of u.
11
List the prime factors of (-21884)/(-7) - (64/28 + -2).
2, 3, 521
Let c = 512 + -333. What are the prime factors of c?
179
Let a(d) = -d**3 + 4*d**2 - 3*d + 1. Let g be a(2). Let x(w) = -4 - w + w**3 - 7 - 3*w + 7*w**2 + g*w. List the prime factors of x(-5).
2, 11
List the prime factors of 10*(1255/10 + 3).
5, 257
Suppose 5*t - 44 = b, -1 = -2*b - 9. What are the prime factors of t/1 - (-18 - -15)?
11
List the prime factors of 2557520/1960 + (-12)/14.
2, 163
Let k(w) = -10*w + 4. Suppose -s - 3*s + 20 = 0. Let m be ((-15)/s)/((-9)/(-12)). What are the prime factors of k(m)?
2, 11
Let l(f) = -2*f - 3. Let j be l(2). Let r = j + 11. Suppose 5*i = -2 + 12, r*y - 130 = 5*i. List the prime factors of y.
5, 7
Let a(f) = -f**2 + 50*f - 7. What are the prime factors of a(36)?
7, 71
Let g = 90 - 40. Suppose -g*u + 46*u + 740 = 0. List the prime factors of u.
5, 37
Suppose 3*j + 20 + 82 = 0. Let s = -52 - j. What are the prime factors of (-1405)/(-45) - (-4)/s?
31
Suppose -20*d + 7398 = 1598. List the prime factors of d.
2, 5, 29
Let h(l) = 4*l + 24 + 16*l - 3*l - 14. List the prime factors of h(3).
61
Let g = 1027 + -630. List the prime factors of g.
397
Suppose 712 = 2*c - 4*d - 102, -778 = -2*c - 5*d. List the prime factors of c.
3, 7, 19
Suppose -2*d = -3*y + 6056, 0*d = -4*y - 4*d + 8108. What are the prime factors of y?
2, 3, 337
Let t(z) = z**3 - 2*z. Let b be t(-3). Let y be (b/(-9) + -2)*-15. Let h(n) = -n**2 - 6*n + 8. List the prime factors of h(y).
13
Let j(a) = -a**3 + 16*a**2 - 16*a + 13. Let u be j(15). List the prime factors of ((-1)/u)/((-10)/(-3940)).
197
Let j = 20 - 20. Suppose j = 3*x + f - 3 - 0, -3*x + 4*f + 18 = 0. Suppose 3*d = -2*i + 81, 136 = 5*d + x*i + i. List the prime factors of d.
29
Let d = -53 + 102. Let k = d + 39. List the prime factors of k.
2, 11
Let x(i) = -1. Let t(b) = b - 9. Let z(k) = t(k) - 2*x(k). Let g be z(10). Suppose 0 = -g*n - 0*n + 102. List the prime factors of n.
2, 17
Let m(n) = -170*n - 30. Let l(s) = 57*s + 10. Let c(u) = 11*l(u) + 4*m(u). What are the prime factors of c(-2)?
2, 3
List the prime factors of 444/9*(-72)/(-16).
2, 3, 37
Let q(t) = t**2 - 16*t + 1. Let m be q(15). Let u = -8 - m. Suppose 0 = l + 3*a - 32, -3*l + u*a - a = -82. List the prime factors of l.
29
Let q(u) = -8*u + 4. Let y be -9 + (4 - (-1 - -4)). List the prime factors of q(y).
2, 17
Suppose y - 3*g = -8*g - 122, y = 5*g - 162. Let s = y + 288. What are the prime factors of s?
2, 73
Suppose 0 = 4*z - 3*w - 13 - 74, 0 = -2*w + 6. Let i = 27 - z. Suppose i*y - 5*y = -82. List the prime factors of y.
41
Let n = 616 - 471. What are the prime factors of n?
5, 29
Let u(j) = 3 + 32*j - 40 - 61*j. What are the prime factors of u(-5)?
2, 3
Let k(i) = -2*i**2 - 7*i. Let w(h) = -5*h**2 - 14*h - 1. Let q(r) = 7*k(r) - 3*w(r). Let p be q(7). Suppose -p*y - 52 = -5*y. What are the prime factors of y?
2, 13
Let i = 32 + -31. Let u = 2 + i. Suppose 70 = u*q + 2*d, d = q - 24 - 6. What are the prime factors of q?
2, 13
Suppose 5*t + v + 1274 = 0, 0*t - 3*t = v + 764. Let f = 407 + t. What are the prime factors of f?
2, 19
Let h(p) = 258*p**2 - 80*p + 253. What are the prime factors of h(3)?
5, 467
Let c be -4 - (-6)/(-3)*-3. What are the prime factors of c/7 - 576/(-42)?
2, 7
Suppose -5*h + 9*h = -5*k + 4178, 2*h - 2094 = -5*k. List the prime factors of h.
2, 521
Let i(t) = t**2 + 7*t + 6. Let p be i(-7). What are the prime factors of ((-156)/18)/(p/(-45))?
5, 13
Suppose 4*t - 687 - 3541 = a, -t + 2*a + 1050 = 0. What are the prime factors of t?
2, 23
Let b(n) = -5*n + 6*n - 14 - 4*n - n**3 - 12*n**2. List the prime factors of b(-13).
2, 97
Let z = 78 + -76. Suppose 0 = -z*i + 2*r + 16 + 38, -4*i = 5*r - 72. What are the prime factors of i?
23
Let v = 18 - 15. Suppose -3*y + 0*i = v*i - 249, -233 = -3*y + i. What are the prime factors of y?
79
Suppose -3*u + 5*u - 4 = 0. Let y(c) = -c**2 - 2*c**2 - 6 + 2*c**2 - 5*c**u - c**3 - 5*c. List the prime factors of y(-6).
2, 3
Let y be (414/(-30))/(1/(-5)). Suppose 10*b - y = 7*b. Suppose b - 57 = -k. List the prime factors of k.
2, 17
Let r be (-6)/((-1)/2*10/5). List the prime factors of (-100)/6*(-27)/r.
3, 5
Let d be -12 + 10 - (-2)/1. Let c be d + 0 + (-436)/4. Let z = -38 - c. List the prime factors of z.
71
Let a = -646 - -1332. List the prime factors of a.
2, 7
Suppose 27 - 7 = m. Let n(f) = 6*f - 14. List the prime factors of n(m).
2, 53
Let n(l) = -l**3 - 5*l**2 - 7*l - 4. Let f be n(-4). Suppose -4 = -5*g + 4*k, 3*g - 3*k + f = 2*k. Suppose 0 = p - g. List the prime factors of p.
2
Suppose -1 = -2*t - 11. Let u = t - -68. List the prime factors of u.
3, 7
Suppose 0 = -35*y + 7*y + 2296. Suppose 3*p = -0*p + 147. Let f = y - p. List the prime factors of f.
3, 11
Let n = 27 - 9. Let v = 29 - n. Suppose -c = -3 - v. What are the prime factors of c?
2, 7
Suppose 0 = 7*p + 32 - 410. Suppose 30 = 3*l - t, -2*l + p = 3*l - 3*t. List the prime factors of l.
3
Suppose 7 = -3*o + 43. Suppose -5*h + 70 = 2*k, -3*h = 4*k + h - 140. Let j = k - o. List the prime factors of j.
23
Suppose 16*p = -64 + 1904. List the prime factors of p.
5, 23
Suppose -2*x = 0, 0 = h + 5*x - 3*x - 12. Let p = 62 + h. List the prime factors of p.
2, 37
Let p(f) = f**3 + 7*f**2 - 8*f - 1. Let n be p(-8). Let a be (n/(-1))/(2/16). Let u = a - 2. What are the prime factors of u?
2, 3
Let f(t) be the second derivative of -49*t**5/20 - t**4/12 - t**3/6 - t**2 + t. List the prime factors of f(-1).
47
Suppose g = -n + 237, -2*g + 478 = 20*n - 17*n. What are the prime factors of g?
233
Let x = 3643 + -2154. What are the prime factors of x?
1489
Suppose 3367 = 9*k - 7289. What are the prime factors of k?
2, 37
Suppose 3*u = -2*w + 1467, 3*w = -3*u + 7*w + 1467. Suppose -9*l = -u - 24. What are the prime factors of l?
3, 19
Let v(c) = -2*c - 10. Let s(h) = h**3 + 3*h**2 + h - 5. Suppose 5*y - 10*y = 15. Let z be s(y). List the prime factors of v(z).
2, 3
Let h(c) = c**3 + 49*c**2 - 108*c - 178. List the prime factors of h(-51).
2
List the prime factors of ((-338)/6)/((-2)/42).
7, 13
Suppose -9*i = -2*i - 10255. What are the prime factors of i?
5, 293
Suppose -y - 2*y + 60 = 0. Suppose -8*f + 3*f = -y. Suppose -